pose 0 = -0*z - z - 10. Let b(y) = -y**2 - 10*y + 12. What are the prime factors of b(z)?
2, 3
Let r be (1 - 2) + (-29)/(-1). Suppose g = s + 2*s - r, -4*s - 2*g + 44 = 0. What are the prime factors of s?
2, 5
Let x(p) = 7*p + 1. List the prime factors of x(2).
3, 5
Suppose -5*y + r + 9 = 0, -9*y + 4*y = -3*r - 7. What are the prime factors of y?
2
Suppose 2*j = -j. Suppose j*c + 4*c - 16 = 0. Let t = c + -1. What are the prime factors of t?
3
Suppose -2*a = -15 + 1. List the prime factors of a.
7
Let v(h) = h**2 + 5*h - 9. What are the prime factors of v(-7)?
5
Let n be -1*(3/3 + -1). Suppose 4*v + n*v - 16 = 0. What are the prime factors of v?
2
Let o(u) = -2*u**3 - 3*u**2 + 2*u + 2. Let r be -5 + (-5)/(10/(-4)). List the prime factors of o(r).
23
Let g(n) = n**2 - 2*n - 3. What are the prime factors of g(-2)?
5
What are the prime factors of 50 + 6/(1 - 3)?
47
Let v(i) = -i**2 + 9*i - 4. Let q be v(9). Let o = 4 + q. Suppose -5*p + p + 36 = o. List the prime factors of p.
3
Suppose -3*a + 12 = -0*a. Let s(t) = -t + 4. Let l be s(3). Let g = l + a. What are the prime factors of g?
5
Suppose 0 = -29*z + 27*z + 34. What are the prime factors of z?
17
Suppose 1676 = 4*n + 4*q, 4*n - 10*q = -5*q + 1658. List the prime factors of n.
3, 139
Let d = 9 + -11. Let f(y) be the second derivative of y**4/12 - y**3/3 - y**2/2 + y. What are the prime factors of f(d)?
7
Let c(l) = -l**2 + 8*l - 6. Let f be c(7). Suppose -k + f = -2. List the prime factors of k.
3
Let g = 32 + 52. List the prime factors of g.
2, 3, 7
Let s(g) = -6*g**3 - g**2 - g. What are the prime factors of s(-1)?
2, 3
Let z = 47 - 1. Suppose -3*s + 4 = 4*p - 9, 3*p - 5*s - z = 0. What are the prime factors of p?
7
Suppose 5*n - 124 = n. List the prime factors of n.
31
Let n = 116 + -41. What are the prime factors of n?
3, 5
Suppose 5*n - 6*n + 37 = 0. What are the prime factors of n?
37
Let u(s) = -s**3 - 13*s**2 + s + 2. Let k be u(-13). Let i = k + 49. What are the prime factors of i?
2, 19
Suppose -3*p = -3*s - 2*s + 30, 2*s + p - 1 = 0. List the prime factors of 4/6 + 34/s.
2, 3
Let o(c) = c**3 + 16*c**2 + c + 14. What are the prime factors of o(-15)?
2, 7
Suppose 7*t = 2*t + 220. What are the prime factors of t?
2, 11
Let l = -25 - -14. Let u = l - -28. List the prime factors of u.
17
What are the prime factors of (-3 - 32/(-20))*-10?
2, 7
Let o(l) = l + 16. Let y = 9 + -5. Let u be 15/(-2) - y/(-8). List the prime factors of o(u).
3
Let c be (-3 - -3)/2 - -2. Suppose 0*u - c*u + 39 = -3*b, 3*u = -2*b + 39. List the prime factors of u.
3, 5
Let f be (3 + -1)/(1 - 2). Let t = f - -8. Suppose -a + 18 = t. What are the prime factors of a?
2, 3
Let b be (3/6)/((-1)/(-6)). Suppose b*o - 103 - 59 = 0. Suppose -4*a + o = 10. What are the prime factors of a?
11
Let a = -7 + 8. What are the prime factors of ((-294)/7)/(0 - a)?
2, 3, 7
Let c = -8 + 13. Suppose h + c*j + 8 = 43, -2*h + 4*j = 0. What are the prime factors of h?
2, 5
Let v(h) = h**2 - 2*h - 11. What are the prime factors of v(-6)?
37
Let l = 2 + -5. Let f = l - -11. Suppose 0 = -4*t + 2*t + f. List the prime factors of t.
2
Suppose 18 + 6 = 3*z. Suppose -8*h + 4*h + 12 = 0. Suppose h*c - z = c. What are the prime factors of c?
2
Suppose 0 = -2*f - s + 16, -3*f + 4*f + 5*s + 1 = 0. Let y = -2 + f. What are the prime factors of y?
7
List the prime factors of (5 - 6) + (-70)/(-2).
2, 17
Suppose 10 = w + 4*k, w - 5*w - k = -10. Suppose -w*q + 23 = 3*d - 0*q, -d = q - 9. What are the prime factors of d?
5
Let r(n) = n**3 - 4*n**2 + 6*n + 2. Let w be r(5). Let d = w + -36. What are the prime factors of d?
3, 7
Suppose 6*w = 8*w + 470. List the prime factors of (w/(-10))/((-1)/(-2)).
47
What are the prime factors of (-72)/(-40) + 1/5?
2
Let a(j) = -4 - j**2 - 8*j + 1 - 2. Let b be a(-7). Suppose -i = -b*i + 4. List the prime factors of i.
2
Suppose -4*t = 2*y - 64, 0 + 15 = 5*t. List the prime factors of y*(2 - 1)/1.
2, 13
Let f = -1 + -18. Let u(b) = -3*b - 4. Let o be u(9). Let i = f - o. List the prime factors of i.
2, 3
Let c(y) = -9*y**3 - y**2 + y. Let j be c(1). Let b(k) = -k**3 - 10*k**2 - 9*k - 10. Let t be b(j). Let q = t - -12. What are the prime factors of q?
2
Suppose 32 - 62 = -2*w. What are the prime factors of w?
3, 5
Let a(j) = j**2 + j + 21. List the prime factors of a(10).
131
Let j(o) = -o + 1. Let g be j(5). Let s be g*(2/4 + 2). What are the prime factors of s/(-25) - 36/(-10)?
2
Let p(l) = -29*l**3 + 3*l**2 - 3. What are the prime factors of p(-2)?
241
Let r(c) = 7*c**2 - 17*c - 5. What are the prime factors of r(8)?
307
List the prime factors of 894/12 - (-2)/4.
3, 5
Suppose 4*s = 4*l - 1572 - 428, l - 2*s = 498. What are the prime factors of 9/54 + l/12?
2, 3, 7
Let l = -65 + 140. Let d = l + -40. List the prime factors of d.
5, 7
Let t = 47 - 33. What are the prime factors of t?
2, 7
Let x = 62 + -44. Suppose -x = 4*s - 7*s. What are the prime factors of s?
2, 3
Suppose -10 = -4*v + 30. Let b be (8/10)/((-16)/200). List the prime factors of (-8)/v*b/4.
2
Let p(u) = -u**2 + 2*u - 9. Let z be p(6). Let l = 54 + z. Suppose 0 = 2*q - l + 3. What are the prime factors of q?
3
Let z = 0 - -2. Suppose -2*t = 4*a - 24, -3*t - a - 1 = -27. Suppose 2 = z*q - t. What are the prime factors of q?
5
Suppose 3*w + 19 = 79. Suppose w - 7 = p. List the prime factors of p.
13
Let x(b) = -4*b**3 + 10*b**2 + 3*b - 3. Let y(o) = -o**3 + o**2 - 1. Let d(f) = x(f) - 5*y(f). What are the prime factors of d(-3)?
11
Let i be 4/(-6) + (-384)/(-9). Let r = -29 + i. What are the prime factors of r?
13
Suppose 2*g + 5*h = 5*g - 16, -4*g - 37 = 5*h. What are the prime factors of (g/(-2))/((-12)/(-184))?
23
Suppose -130 = 4*i - 9*i. What are the prime factors of i?
2, 13
Let f(g) = 8*g - 21. List the prime factors of f(14).
7, 13
List the prime factors of 5*(-3)/75 - 2092/(-10).
11, 19
Let o(r) = 40*r**2 - r + 1. What are the prime factors of o(1)?
2, 5
Suppose -11 = -d + 53. List the prime factors of d.
2
Let x(p) = -p**3 + 6*p**2 - 4*p - 3. Let w be x(5). Suppose -3*d + 31 = 2*t - w, 4*d - 2 = 2*t. List the prime factors of t.
3
Suppose -d + 6 = 1. Let o(c) = -c**3 + 6*c**2 + 7*c - 1. Let i be o(d). Suppose -5*t + 43 - 3 = -5*s, 4*t - i = -5*s. What are the prime factors of t?
11
Suppose 34 = -2*c + 176. What are the prime factors of c?
71
Let q(o) = o**2 - 10*o + 10. Let l be q(13). Let p = l - 24. List the prime factors of p.
5
Let o be ((-248)/1)/(-4) - 1. Let y = -28 + o. What are the prime factors of y?
3, 11
Suppose 0*x = -3*a + 5*x + 3, 0 = 3*a - 4*x - 6. Let m(j) = 7*j + 2*j**2 + j**3 + a*j**2 - j**2 + 8. What are the prime factors of m(-6)?
2
Suppose -3*u - 58 = -2*w, 3*w = -w + 4*u + 108. What are the prime factors of w?
23
Let a(u) = u**3 - 18*u**2 + 6*u + 18. What are the prime factors of a(18)?
2, 3, 7
Let y = 92 - -20. Suppose -r + 2*h = 2*r - 69, 4*r + 4*h - y = 0. List the prime factors of r.
5
Let r be (24/(-20))/((-3)/15). What are the prime factors of (-60)/16*(-16)/r?
2, 5
Suppose 3*w + g - 3 = -31, -24 = 3*w + 3*g. What are the prime factors of (-26 - w)*2/(-2)?
2
Suppose -3*h + 0*h - 24 = 0. Let c = 13 + h. List the prime factors of c.
5
Let p(o) = -o**3 + 15*o**2 + 9*o - 11. List the prime factors of p(15).
2, 31
Suppose n - 6*n + 265 = 0. Let u = n - 33. List the prime factors of u.
2, 5
Let o = -6 + 8. Suppose o*u + 3*q + 30 = 0, 3*u - 3*q + 42 = -u. List the prime factors of 10/3*u/(-10).
2
List the prime factors of 1/((-1)/(-22)) + -1.
3, 7
List the prime factors of (-1)/(-6) - (-2005)/30.
67
Let m(y) = y + 2. Let j be m(-1). Let b be j/4 - 11/(-4). Suppose 3*v - 6 = -2*w - w, 4*v - b*w = 8. What are the prime factors of v?
2
Suppose 5*p + v - 236 = 0, v + 158 + 76 = 5*p. What are the prime factors of p?
47
Suppose 0*p - 8 = -2*p. Suppose 0*k - p*x = 3*k + 29, -x = k + 9. Let q = 11 + k. What are the prime factors of q?
2
Suppose -12 = -3*t - 3*u, 3*t - u = 2*u. Let z be t/(-6) - 35/(-15). Suppose z*n - 15 = -5. List the prime factors of n.
5
Suppose -v - 2 = -2*v. List the prime factors of ((-162)/12)/(v/(-8)).
2, 3
Let b = 47 - -5. List the prime factors of b.
2, 13
Suppose 4*a + 8 = h - 3, 4*h + 4*a - 4 = 0. Suppose -4*g + 47 = 5*d, 9 = h*g - 0*g. What are the prime factors of d?
7
Let h = -178 + 257. Wha